--
-- Host: localhost    Database: cofradiario
-- ------------------------------------------------------


--
-- Table structure for table `articulos`
--

CREATE TABLE `articulos` (
  `id` bigint unsigned NOT NULL AUTO_INCREMENT,
  `titular` varchar(255) COLLATE utf8mb4_unicode_ci NOT NULL,
  `id_autor` bigint unsigned NOT NULL,
  `cuerpo` text COLLATE utf8mb4_unicode_ci NOT NULL,
  `created_at` timestamp NULL DEFAULT NULL,
  `updated_at` timestamp NULL DEFAULT NULL,
  PRIMARY KEY (`id`)
) ENGINE=InnoDB AUTO_INCREMENT=10 DEFAULT CHARSET=utf8mb4 COLLATE=utf8mb4_unicode_ci;

--
-- Dumping data for table `articulos`
--

INSERT INTO `articulos` VALUES (1,'Extraordinaria de la Trinidad',2,'Esperando ver a la Trini en Carretería de nuevo... Un sueño hecho realidad.','2025-10-27 15:35:24','2025-10-27 15:35:24'),(2,'El retablo de Mena',3,'Es una locura cómo de bien Mena está anunciando el retablo. Algo me dice que va a ser el mejor que voy a ver en mi vida.','2025-10-27 15:35:24','2025-10-27 15:35:24'),(3,'El Gran Perdón',2,'La cofradía del Prendi es una de las hermandades con mas esencia malagueña que tenemos actualmente y quien diga lo contrario miente.','2025-10-27 15:35:24','2025-10-27 15:35:24'),(4,'Extraordinaria de la Trinidad',5,'Todavía no me puedo sacar de la mente a la Trini de vuelta a su barrio, es increíble como la hermandad se ha volcado  en la extraordinaria','2025-11-04 14:51:51','2025-11-04 14:51:51'),(5,'las pintadas en la casa hermandad',6,'la gente tiene menos vergüenza de verdad lo k le han hecho a la puerta de la casa hermandad del cautivo','2025-11-04 14:54:10','2025-11-04 14:54:10'),(6,'Sobre el altar de Humildad y Paciencia',13,'Qué decir... belleza excelsa y saber hacer. Una pena no poder ir a sacarle unas fotos. Uno de los mejores Cristos que tenemos ahora.','2025-11-21 19:42:32','2025-11-21 19:42:32'),(7,'Qué nos importa',13,'Encontrábame viendo Instagram, cuando me apareció un reel de Al Cielo, el programa de 101 Televisión. Se mostraba a Francisco Bono, presentador, diciendo: \"¿Antonio Santiago... [fue una pausa extensa y llena de suspense] va a ser el nuevo capataz de la Macarena?\". Al momento sonó un bum, de shock,  y cortó a un videomontaje de la hermandad, y un \"No te pierdas\" final, del programa en el que se hablaba del tema.\n\nCómo decirlo... qué mala leche me entró por el cuerpo. ¿Es el mismo programa que he visto mil veces criticando la banalización de la Semana Santa, las faltas de respeto...? ¿Ese mismo programa es ahora un programa de prensa rosa cofrade? ¡¿La prensa rosa cofrade existe?!\n\nY eso no es todo, accedí al perfil oficial del programa y... ¡sorpresa!, hay diez vídeos más con el mismo formato y mismo contenido del corazón: vestidores, capataces, hermanos mayores...\n\nSumado al programa especial de las elecciones de la Macarena, a la idolatría más que mostrada en Sevilla, cuando la devoción llévase al extremo, cuando olvídase que la Virgen María es la Virgen María... Me hace pensar: ¿qué está pasando en Sevilla? ¿Va a llegar esto más allá? ¿Sabrán parar?\n\nY sobre todo, ¿qué nos importan capataces (en general), vestidores, juntas de gobierno...? En Málaga nunca hemos tenido noticias de cambios de mayordomos de trono, de juntas de gobierno, de vestidores, ya que, qué nos importa... \n\nQué nos importa...\n\nParemos esto de una vez, los programas cofrades son programas de rigor, de información importante, de temas sustanciales, no de capricheo ni de protagonismo.','2025-12-05 21:06:18','2025-12-05 21:06:18'),(8,'Cartel oficial de la Semana Santa de Campillos 2026',27,'Cartel oficial de la Semana Santa de Campillos 2026, obra de la autora local Gemma Morillo. Lo puedes ver aquí: https://www.campillos.net/2026/02/cartel-de-la-semana-santa-en-campillos.html','2026-02-19 05:58:05','2026-02-19 05:58:05');

--
-- Table structure for table `cofradias`
--

CREATE TABLE `cofradias` (
  `id` bigint unsigned NOT NULL AUTO_INCREMENT,
  `nombre` varchar(255) COLLATE utf8mb4_unicode_ci NOT NULL,
  `created_at` timestamp NULL DEFAULT NULL,
  `updated_at` timestamp NULL DEFAULT NULL,
  PRIMARY KEY (`id`)
) ENGINE=InnoDB AUTO_INCREMENT=55 DEFAULT CHARSET=utf8mb4 COLLATE=utf8mb4_unicode_ci;

--
-- Dumping data for table `cofradias`
--

INSERT INTO `cofradias` VALUES (2,'Mena','2025-10-27 15:35:24','2025-10-27 15:35:24'),(9,'Pollinica','2025-10-28 19:33:14','2025-10-28 19:33:14'),(22,'El Rocio','2025-11-04 20:01:05','2025-11-04 20:01:05'),(26,'Los Moraos - Alcala del Valle','2025-11-22 22:55:20','2025-11-22 22:55:20'),(31,'Agrupacion de Cofradias - Ronda','2025-11-26 11:42:21','2025-11-26 11:42:21'),(32,'Jesuistas - Arriate','2025-11-27 21:27:58','2025-11-27 21:27:58'),(33,'Pasion - Malaga','2025-12-14 16:08:01','2025-12-14 16:08:01'),(34,'Huerto - Ronda','2025-12-14 18:14:54','2025-12-14 18:14:54'),(35,'Piedad - Malaga','2025-12-19 13:01:43','2025-12-19 13:01:43'),(36,'Ecce Homo - Ronda','2026-01-04 16:42:13','2026-01-04 16:42:13'),(37,'Prendimiento - Ronda','2026-01-08 21:29:43','2026-01-08 21:29:43'),(38,'Columna y Esperanza - Ronda','2026-01-15 09:25:18','2026-01-15 09:25:18'),(39,'Silencio - Ronda','2026-01-23 10:58:13','2026-01-23 10:58:13'),(41,'Pollinica-Ronda','2026-01-29 17:51:21','2026-01-29 17:51:21'),(43,'Padre Jesus - Ronda','2026-02-13 10:58:18','2026-02-13 10:58:18'),(44,'Expiracion - Malaga','2026-02-15 20:47:48','2026-02-15 20:47:48'),(45,'Los Negros - Setenil','2026-02-20 10:31:28','2026-02-20 10:31:28'),(46,'Asociacion Cultural Hosanna','2026-02-22 18:31:43','2026-02-22 18:31:43'),(47,'Campillos en la Red','2026-02-23 19:47:07','2026-02-23 19:47:07'),(48,'Santo Entierro - Campillos','2026-02-24 23:20:34','2026-02-24 23:20:34'),(49,'Vera+Cruz - Campillos','2026-02-25 18:38:38','2026-02-25 18:38:38'),(50,'Las Penas - Ceuta','2026-02-25 20:45:51','2026-02-25 20:45:51'),(51,'Medinaceli-ceuta','2026-02-26 20:09:52','2026-02-26 20:09:52'),(52,'Paso Blanco-Lorca','2026-02-27 17:03:11','2026-02-27 17:03:11'),(53,'Padre Jesus Nazareno - Teba','2026-02-27 18:28:31','2026-02-27 18:28:31'),(54,'Sagrada Resurreccion-Puerto Real','2026-03-02 00:27:14','2026-03-02 00:27:14');

--
-- Table structure for table `eventos`
--

CREATE TABLE `eventos` (
  `id` bigint unsigned NOT NULL AUTO_INCREMENT,
  `nombre` varchar(255) COLLATE utf8mb4_unicode_ci NOT NULL,
  `cofradia` bigint unsigned NOT NULL,
  `fecha` datetime NOT NULL,
  `lugar` varchar(255) COLLATE utf8mb4_unicode_ci DEFAULT NULL,
  `detalles` text COLLATE utf8mb4_unicode_ci,
  `created_at` timestamp NULL DEFAULT NULL,
  `updated_at` timestamp NULL DEFAULT NULL,
  PRIMARY KEY (`id`),
  KEY `eventos_cofradia_foreign` (`cofradia`),
  CONSTRAINT `eventos_cofradia_foreign` FOREIGN KEY (`cofradia`) REFERENCES `cofradias` (`id`) ON DELETE CASCADE
) ENGINE=InnoDB AUTO_INCREMENT=282 DEFAULT CHARSET=utf8mb4 COLLATE=utf8mb4_unicode_ci;

--
-- Dumping data for table `eventos`
--

INSERT INTO `eventos` VALUES (37,'Vía Crucis Consejo de Hermandades',26,'2026-03-20 19:00:00','Parroquia Santa María del Valle - Alcalá del Valle','Vía Crucis del Consejo de Hermandades - Preside la Imagen de Nuestro Padre Jesús Nazareno','2025-11-22 23:12:57','2025-11-22 23:12:57'),(44,'Veneración a María Santísima de la Soledad',26,'2026-05-30 16:00:00','Parroquia Santa María del Valle - Alcalá del Valle','Veneración y besamanos a María santísima de la soledad','2025-11-23 20:05:57','2025-11-23 20:05:57'),(45,'Procesión Gloriosa Sagrado Corazón de Jesús',26,'2026-06-20 18:30:00','Parroquia Santa María del Valle - Alcalá del Valle','Procesión Gloriosa juvenil del Sagrado Corazón de Jesús','2025-11-23 20:07:29','2025-11-23 20:07:29'),(56,'Extraordinaria de Nuestro Padre Jesús de la Pasión',33,'2026-11-14 20:00:00','Iglesia de los Santos Mártires - Málaga','Extraordinaria por el Cincuentenario de la imagen de Nuestro Padre Jesús de la Pasión. Será trasladado a la Iglesia de San Juan en su trono del Lunes Santo. ESTRENARÁ UNA NUEVA CRUZ.','2025-12-14 16:08:08','2025-12-14 16:08:08'),(59,'Extraordinaria de María Santísima de la Piedad',35,'2027-06-12 20:00:00','Casa Hermandad de la Piedad','Extraordinaria por el CENTENARIO fundacional de la Cofradía.','2025-12-20 15:01:04','2025-12-20 15:01:04'),(68,'Ensayo de la Virgen',36,'2026-03-27 11:00:00','Casa Hermandad (C/ Armiñán, 72)','Obligatorio acudir con calzado negro de salida.','2026-01-08 16:38:00','2026-01-08 16:38:00'),(74,'5º Ensayo Misterio Nuestro Padre Jesús Nazareno',26,'2026-03-22 10:30:00','Garaje de Ensayos - C/ Huelva - Al lado del cuartel de la Guardia Civil','Si quieres pertenecer a la cuadrilla no dudes en acudir al ensayo o hablarnos a las redes sociales de la Hermandad. @hdad.losmoraos @gjlosmoraos','2026-01-09 15:22:23','2026-01-09 15:22:23'),(80,'1º Pregón Joven',26,'2026-05-30 20:00:00','Templo Parroquial Santa María del Valle','Tras mucho tiempo detrás intentando hacerlo, se convoca el 1º Pregón Juvenil con motivo del 10º aniversario del Grupo Joven Simón de Cirene, establecido en Mayo para así cerrar los actos conmemorativos del 10º aniversario que emepezaron en mayo del 2025. Pregona d. Javier Escobar Vargas, que será presentado por d. Antonio Gavilán Jiménez.','2026-01-09 15:31:55','2026-01-09 15:31:55'),(86,'Mudá Consuelo de las Tristezas',34,'2026-03-20 21:00:00','Casa hermandad ( C. Monterejas, 15)','Obligatorio calzado negro de salida','2026-01-13 21:53:38','2026-01-13 22:35:41'),(95,'Mudá Huerto',34,'2026-03-23 21:00:00','Casa hermandad ( C. Monterejas, 15)','Obligatorio calzado negro de salida','2026-01-18 22:27:17','2026-01-18 22:27:17'),(108,'II EN CAMINO CON CRISTO',26,'2026-10-03 09:00:00','Alcalá del Valle','En Camino con Cristo, es una convivencia entre Grupos Jóvenes y Jóvenes cofrades y cristianos de Alcalá y pueblos vecinos. Esta, está organizada por el Grupo Joven Simón de Cirene.\nEl año pasado dicha convivencia reunió a más de 120 jóvenes, así que si quieres participar, ¡Muy atentos a nuestras redes sociales!\n\n@hdad.losmoraos\n@gjlosmoraos','2026-02-01 16:31:23','2026-02-01 16:31:23'),(113,'Reunión HDT y entrega de puestos',2,'2026-03-28 12:00:00','Casa Hermandad (Pasillo de Santo Domingo, 16)','Reunión y entrega de puestos.','2026-02-04 16:23:12','2026-02-04 16:23:12'),(118,'Entrega de puestos y \"prueba con la banda\".',2,'2026-03-21 11:30:00','Casa Hermandad (Pasillo de Santo Domingo, 16)','Entrega de puestos y ensayo con la BM Ntra Señora de la Soledad Coronada.','2026-02-04 16:28:29','2026-02-04 16:28:29'),(132,'Ensayo Misterio Prendimiento',37,'2026-03-21 16:00:00','Cocherón de la U.V.A','Tercer ensayo','2026-02-05 17:16:51','2026-02-05 17:16:51'),(135,'Ensayo palio Nuestra Señora del Rosario',37,'2026-03-21 16:00:00','Cocherón de la U.V.A','Tercer ensayo','2026-02-05 17:23:25','2026-02-05 17:23:25'),(136,'Mudá de los pasos Hdad del Prendimiento',37,'2026-03-25 20:00:00','Cocherón de la U.V.A','Translado de los pasos de la Hermandad desde el cocherón de ensayos hasta los toldos en el barrio de San Cristóbal','2026-02-05 17:24:54','2026-02-05 17:24:54'),(138,'Reunión de Horquilleros',39,'2026-03-21 17:00:00','Casa Hermandad - Calle Armiñán 79','Posteriormente se trasladará el trono a Santa María','2026-02-11 11:17:00','2026-02-20 16:29:28'),(139,'Reparto de túnicas y papeletas',39,'2026-03-16 18:30:00','Casa Hermandad - Calle Armiñán 79','18:30-20 * posible alguna modificación en el horario','2026-02-11 11:31:29','2026-02-11 11:31:29'),(140,'Reparto de túnicas y papeletas',39,'2026-03-17 18:30:00','Casa Hermandad - Calle Armiñán 79','18:30-20:00 * posible modificación del horario','2026-02-11 11:36:00','2026-02-11 11:46:22'),(143,'Elevación Padre Jesús',43,'2026-03-21 19:30:00','Iglesia Padre Jesús','Solemne Elevación de Nuestro Padre Jesús Nazareno a su paso procesional','2026-02-13 11:01:51','2026-02-13 11:01:51'),(144,'Triduo Dolores',43,'2026-09-13 19:30:00','Iglesia Padre Jesús','Primer día de triduo en Honor a Nuestra Señora de los Dolores','2026-02-13 11:04:15','2026-02-13 11:04:15'),(145,'Triduo Dolores',43,'2026-09-14 19:30:00','Iglesia Padre Jesús','Segundo día de triduo en Honor a Nuestra Señora de los Dolores','2026-02-13 11:05:38','2026-02-13 11:05:38'),(146,'Triduo Dolores',43,'2026-09-15 19:30:00','Iglesia Padre Jesús','Tercer día de triduo en Honor a Nuestra Señora de los Dolores','2026-02-13 11:06:04','2026-02-13 11:06:04'),(148,'Misa Conmemorativa del 250 Aniversario',43,'2026-04-11 20:00:00','Iglesia de Padre Jesús - Ronda','Misa Conmemorativa por el 250 aniversario fundacional de la Hermandad. La hora no es exacta aún.','2026-02-13 11:11:47','2026-02-13 11:11:47'),(184,'CABILDO GENERAL ORDINARIO PARA LA APROBACIÓN DE LA SALIDA PROCESIONAL Y NOMBRAMIENTO DE LOS CARGOS',48,'2026-03-21 17:30:00','Casa Hermandad. Calle San Sebastián, 21','Cabildo General Ordinario que tendrá lugar (D.M.) el día 21 de marzo en la Sala de Cabildos de nuestra Casa Hermandad a las 17:30 horas en primera convocatoria y a las 18:00 horas en segunda y última, para tratar del siguiente orden del día: \n- Preces. \n- Lectura y aprobación del acta Cabildo General anterior. \n- Aprobación Salida Procesional. \n- Nombramiento cargos procesión. \n- Ruegos y preguntas.','2026-02-24 23:31:53','2026-02-24 23:31:53'),(185,'Jornada de Albacería',48,'2026-03-21 09:30:00','Casa Hermandad. Calle San Sebastián, 21','Desde la vocalía de Albacería invitamos a todos los hermanos/as a participar de las tradicionales jornadas de montaje y acondicionamiento de nuestros enseres.','2026-02-24 23:38:42','2026-02-24 23:38:42'),(186,'Entrega cédula de sitio Sayones del Santo Entierro de Cristo',48,'2026-03-20 18:00:00','Casa Hermandad. Salón de tronos. Calle San Sebastián, 21.','Desde las 18:00 horas a las 20:00 horas.','2026-02-24 23:42:37','2026-02-24 23:42:37'),(187,'Entrega de cédula de sitio Sayones de María Santísima de las Angustias',48,'2026-03-26 18:00:00','Casa Hermandad. Salón de tronos. Calle San Sebastián, 21.','Desde las 18:00 horas a las 20:00 horas.','2026-02-24 23:44:26','2026-02-24 23:44:26'),(188,'Entrega de cédula de sitio Sayones de María Santísima de las Angustias',48,'2026-03-27 18:00:00','Casa Hermandad. Salón de tronos. Calle San Sebastián, 21.','Desde las 18:00 horas a las 20:00 horas.','2026-02-24 23:46:18','2026-02-24 23:46:18'),(189,'Solemne Traslado de nuestros Sagrados Titulares a su Casa Hermandad',48,'2026-03-28 19:15:00','Iglesia Parroquial Santa María de Reposo','SOLEMNE TRASLADO de Nuestros Sagrados Titulares desde la Iglesia Parroquial Santa María del Reposo hasta nuestra Casa Hermandad. \n\n19:15 horas. Acompañamiento. Salida desde C/ Real, 31 donde partiremos hacia nuestra Sede Canónica. \n\n20:00 horas. Celebración de la Sagrada Eucaristía a cargo del Rvdo. Cura Párroco D. Petre Chelaru.  \n\nFinalizada la liturgia, se procederá al Solemne Traslado.','2026-02-24 23:48:16','2026-02-24 23:48:16'),(190,'Ofrenda floral a nuestros Sagrados Titulares',48,'2026-04-02 10:00:00','Casa Hermandad. Calle San Sebastián, 21.','Desde las 10:00 horas a las 14:00 horas.','2026-02-24 23:50:25','2026-02-24 23:50:25'),(191,'Celebración de la Palabra',48,'2026-04-02 11:00:00','Casa Hermandad. Salón de tronos. Calle San Sebastián, 21.','Ofreceremos una oración a nuestros Sagrados Titulares ya entronizados y dispuestos para su Estación de Penitencia la noche del Viernes Santo. El acto estará presidido por nuestro Director Espiritual y Reverendo Cura Párroco D. Petre Chelaru. \n\nLa Casa Hermandad permanecerá abierta hasta las 14:00 horas para la Veneración de nuestros Sagrados Titulares.','2026-02-24 23:52:00','2026-02-24 23:52:00'),(192,'VIERNES SANTO - TRADICIONAL ACOMPAÑAMIENTO Y SOLEMNE ESTACIÓN DE PENITENCIA',48,'2026-04-03 20:30:00','Calle Alta. Cuartelillo de los Consiliarios.','ACOMPAÑAMIENTO partirá desde calle Alta “Cuartelillo de los Consiliarios” hacia nuestra Casa Hermandad.\n21:30 horas. SOLEMNE ESTACIÓN DE PENITENCIA.','2026-02-24 23:54:07','2026-02-25 00:02:52'),(193,'Contemplación y Acompañamiento a   María Santísima de las Angustias   en la Soledad y Muerte de Jesús',48,'2026-04-04 11:30:00','Columbario. Calle San Sebastián, 16.','11:30 a 14:00 horas. Nuestra Titular Mariana presidirá nuestro Columbario en conmemoración de la Mujer fuerte de la Fe que estaba junto a la Cruz del Hijo, uniéndose a su sacrificio, cooperando con amor de Madre a nuestra salvación. La Iglesia, con María junto al Sepulcro, espera la Resurrección del Señor.','2026-02-24 23:56:28','2026-02-24 23:56:28'),(194,'Traslado Sagrados Titulares a su Sede Canónica',48,'2026-04-04 17:30:00','Columbario. Calle San Sebastián, 16.','Con sobria solemnidad procederemos al Traslado de nuestros Sagrados Titulares a la Capilla de nuestra Sede Canónica, concluyendo con una Oración final.','2026-02-24 23:57:38','2026-02-24 23:57:38'),(196,'Besapie y Veneración al Santísimo Cristo de la Buena Muerte y Ánimas',2,'2026-03-27 11:30:00','Capilla de la Congregación','De 11:30 a 13:30 horas','2026-02-25 12:34:22','2026-02-25 12:34:22'),(197,'Sagrada Eucaristía',2,'2026-03-27 18:30:00','Convento de las Hermanas de la Cruz','Sagrada Eucaristía','2026-02-25 12:35:28','2026-02-25 12:35:28'),(198,'Traslado de Ntra. Señora de la Soledad Coronada',2,'2026-03-27 22:30:00','Iglesia de Santo Domingo de Guzmán, Málaga','Traslado de Nuestra Señora de la Soledad Coronada desde la Iglesia hasta la Casa Hermandad.','2026-02-25 12:37:33','2026-02-25 12:37:33'),(199,'Guardia de honor de la escuadra de Gastadores al Stmo Cristo de la Buena Muerte y Ánimas',2,'2026-03-28 11:00:00','Capilla de la Congregación','De 11:00 hasta 14:00 horas.','2026-02-25 12:39:27','2026-02-25 12:39:27'),(200,'Solemne Acto de Imposición de la corona de espinas al Stmo Cristo de la Buena Muerte y Ánimas',2,'2026-03-28 20:30:00','Capilla de la Congregación','Imposición de la corona de espinas al Cristo de la Buena Muerte.','2026-02-25 12:49:16','2026-02-25 12:49:16'),(201,'Misa de Palmas',2,'2026-03-29 11:30:00','Parroquia de Santo Domingo de Guzmán','Misa de Palmas, Domingo de Ramos.','2026-02-25 12:50:04','2026-02-25 12:50:04'),(202,'Guardia de honor de la escuadra de Gastadores al Stmo Cristo de la Buena Muerte y Ánimas',2,'2026-03-30 11:40:00','Capilla de la Congregación','Guardia de honor del Lunes Santo','2026-02-25 12:54:01','2026-02-25 12:54:01'),(203,'Veneración a Nuestra Señora de Soledad',2,'2026-03-30 11:00:00','Salón de Tronos','De 11:30 a 14:00 y de 18:00 a 20:00 horas','2026-02-25 12:54:58','2026-02-25 12:54:58'),(204,'Guardia de honor de la escuadra de gastadores de la Legión al Stmo Cristo de la Buena Muerte y Ánimas',2,'2026-03-31 11:00:00','Capilla de la Congregación','De 11:00 a 14:00 y de 18:00 a 20:00 horas.','2026-02-25 13:01:35','2026-02-25 13:01:35'),(205,'Veneración a Nuestra Señora de la Soledad',2,'2026-03-24 11:00:00','Salón de Tronos','De 11:00 a 14:00 y de 18:00 a 20:00 horas.','2026-02-25 13:08:09','2026-02-25 13:08:09'),(206,'Guardia de honor de las escuadras de los gastadores de la Legión al Stmo Cristo de la Buena Muerte y Ánimas',2,'2026-03-25 11:00:00','Capilla de la Congregación','De 11:00 a 14:00 y de 18:00 a 20:00 horas.','2026-02-25 13:13:17','2026-02-25 13:13:17'),(207,'Recepción del buque de la Armada y desembarco de la compañía de honores',2,'2026-04-02 10:00:00','Muelle 2, Málaga','Puerto de Málaga.','2026-02-25 13:47:20','2026-02-25 13:47:20'),(208,'Solemne Traslado del Stmo Cristo de la Buena Muerte y Ánimas',2,'2026-04-02 12:00:00','Plaza de Fray Alonso de Sto. Tomás','Traslado del Santísimo Cristo de Mena y relevo del estandarte.','2026-02-25 13:48:33','2026-02-25 13:48:33'),(209,'Santos Oficios',2,'2026-04-02 16:30:00','Parroquia de Santo Domingo de Guzmán','Santos Oficios.','2026-02-25 13:49:39','2026-02-25 13:49:39'),(210,'Inicio del Desfile Procesional',2,'2026-04-02 18:55:00','Casa Hermandad','Comienzo de la Estación de Penitencia hasta su entrada a las 2:10 horas aproximadamente.','2026-02-25 13:59:42','2026-02-25 13:59:42'),(211,'Santos Oficios',2,'2026-04-02 18:30:00','Parroquia de Santo Domingo','Santos oficios.','2026-02-25 14:00:18','2026-02-25 14:00:18'),(212,'Celebración de la Soledad de María',2,'2026-04-04 12:00:00','Capilla de la Congregación','Celebración de la Soledad de María.','2026-02-25 14:01:08','2026-02-25 14:01:08'),(213,'Misa de Resurrección',2,'2026-04-05 11:30:00','Parroquia de Santo Domingo','Misa de Resurrección.','2026-02-25 14:01:57','2026-02-25 14:01:57'),(214,'Misa de Acción de Gracias',2,'2026-04-12 11:30:00','Parroquia de Santo Domingo de Guzmán','Misa de Acción de Gracias.','2026-02-25 14:03:21','2026-02-25 14:03:21'),(229,'Solemne Septenario en honor y gloria a nuestros Sagrados Titulares',49,'2026-03-23 12:00:00','Iglesia Santa María del Reposo','19:30h - Rezo del Rosario\n20:00h - Sagrada Eucaristía a cargo de nuestro Director Espiritural D. Petre Chelaru\n\n21/03: Misa por la juventud y la infancia.\n22/03: Misa por la paz en el mundo y cese de conflictos. Al finalizar, se venerará al Santo Lignum Crucis en la Iglesia de la Santa Vera+Cruz.\n23/03: Misa por todos los difuntos de nuestra Hermandad.\n24/03: Misa por la Iglesia, las vocaciones y la vida consagrada.\n25/03: Misa por los nuevos hermanos y por la fe que nos compromete a seguir con Cristo. Protestación de fe e imposición de medallas a los nuevos hermanos.  Nombramiento de consejeros de nuestra Hermandad.\n26/03: Misa por todos los que sufren, por los enfermos y necesitados. Misa a las 19:30h y SANTO VIACRUCIS con nuestro Sagrado Titular al finalizar.\n27/03: Tradicional pedida de tasas. A las 20:30h acompañamiento d Viernes de Dolores que partirá de la Casa-Hermandad (Avda. Constitución, 55).  A las 21:00h se CELEBBRARÁ LA EUCARISTÍA Y SERMÓN DE DOLORES. Al finalizar, se venerará al SANTÍSIMO CRISTO DE LA VERA+CRUZ y se realizará el SOLEMNE TRASLADO DE LOS TITULARES.','2026-02-26 12:55:30','2026-02-26 12:55:30'),(230,'Solemne Septenario en honor y gloria a nuestros Sagrados Titulares',49,'2026-03-24 12:00:00','Iglesia Santa María del Reposo','19:30h - Rezo del Rosario\n20:00h - Sagrada Eucaristía a cargo de nuestro Director Espiritural D. Petre Chelaru\n\n21/03: Misa por la juventud y la infancia.\n22/03: Misa por la paz en el mundo y cese de conflictos. Al finalizar, se venerará al Santo Lignum Crucis en la Iglesia de la Santa Vera+Cruz.\n23/03: Misa por todos los difuntos de nuestra Hermandad.\n24/03: Misa por la Iglesia, las vocaciones y la vida consagrada.\n25/03: Misa por los nuevos hermanos y por la fe que nos compromete a seguir con Cristo. Protestación de fe e imposición de medallas a los nuevos hermanos.  Nombramiento de consejeros de nuestra Hermandad.\n26/03: Misa por todos los que sufren, por los enfermos y necesitados. Misa a las 19:30h y SANTO VIACRUCIS con nuestro Sagrado Titular al finalizar.\n27/03: Tradicional pedida de tasas. A las 20:30h acompañamiento d Viernes de Dolores que partirá de la Casa-Hermandad (Avda. Constitución, 55).  A las 21:00h se CELEBBRARÁ LA EUCARISTÍA Y SERMÓN DE DOLORES. Al finalizar, se venerará al SANTÍSIMO CRISTO DE LA VERA+CRUZ y se realizará el SOLEMNE TRASLADO DE LOS TITULARES.','2026-02-26 12:55:30','2026-02-26 12:55:30'),(231,'Solemne Septenario en honor y gloria a nuestros Sagrados Titulares',49,'2026-03-21 12:00:00','Iglesia Santa María del Reposo','19:30h - Rezo del Rosario\n20:00h - Sagrada Eucaristía a cargo de nuestro Director Espiritural D. Petre Chelaru\n\n21/03: Misa por la juventud y la infancia.\n22/03: Misa por la paz en el mundo y cese de conflictos. Al finalizar, se venerará al Santo Lignum Crucis en la Iglesia de la Santa Vera+Cruz.\n23/03: Misa por todos los difuntos de nuestra Hermandad.\n24/03: Misa por la Iglesia, las vocaciones y la vida consagrada.\n25/03: Misa por los nuevos hermanos y por la fe que nos compromete a seguir con Cristo. Protestación de fe e imposición de medallas a los nuevos hermanos.  Nombramiento de consejeros de nuestra Hermandad.\n26/03: Misa por todos los que sufren, por los enfermos y necesitados. Misa a las 19:30h y SANTO VIACRUCIS con nuestro Sagrado Titular al finalizar.\n27/03: Tradicional pedida de tasas. A las 20:30h acompañamiento d Viernes de Dolores que partirá de la Casa-Hermandad (Avda. Constitución, 55).  A las 21:00h se CELEBBRARÁ LA EUCARISTÍA Y SERMÓN DE DOLORES. Al finalizar, se venerará al SANTÍSIMO CRISTO DE LA VERA+CRUZ y se realizará el SOLEMNE TRASLADO DE LOS TITULARES.','2026-02-26 12:55:30','2026-02-26 12:55:30'),(232,'Solemne Septenario en honor y gloria a nuestros Sagrados Titulares',49,'2026-03-25 12:00:00','Iglesia Santa María del Reposo','19:30h - Rezo del Rosario\n20:00h - Sagrada Eucaristía a cargo de nuestro Director Espiritural D. Petre Chelaru\n\n21/03: Misa por la juventud y la infancia.\n22/03: Misa por la paz en el mundo y cese de conflictos. Al finalizar, se venerará al Santo Lignum Crucis en la Iglesia de la Santa Vera+Cruz.\n23/03: Misa por todos los difuntos de nuestra Hermandad.\n24/03: Misa por la Iglesia, las vocaciones y la vida consagrada.\n25/03: Misa por los nuevos hermanos y por la fe que nos compromete a seguir con Cristo. Protestación de fe e imposición de medallas a los nuevos hermanos.  Nombramiento de consejeros de nuestra Hermandad.\n26/03: Misa por todos los que sufren, por los enfermos y necesitados. Misa a las 19:30h y SANTO VIACRUCIS con nuestro Sagrado Titular al finalizar.\n27/03: Tradicional pedida de tasas. A las 20:30h acompañamiento d Viernes de Dolores que partirá de la Casa-Hermandad (Avda. Constitución, 55).  A las 21:00h se CELEBBRARÁ LA EUCARISTÍA Y SERMÓN DE DOLORES. Al finalizar, se venerará al SANTÍSIMO CRISTO DE LA VERA+CRUZ y se realizará el SOLEMNE TRASLADO DE LOS TITULARES.','2026-02-26 12:55:30','2026-02-26 12:55:30'),(233,'Solemne Septenario en honor y gloria a nuestros Sagrados Titulares',49,'2026-03-26 12:00:00','Iglesia Santa María del Reposo','19:30h - Rezo del Rosario\n20:00h - Sagrada Eucaristía a cargo de nuestro Director Espiritural D. Petre Chelaru\n\n21/03: Misa por la juventud y la infancia.\n22/03: Misa por la paz en el mundo y cese de conflictos. Al finalizar, se venerará al Santo Lignum Crucis en la Iglesia de la Santa Vera+Cruz.\n23/03: Misa por todos los difuntos de nuestra Hermandad.\n24/03: Misa por la Iglesia, las vocaciones y la vida consagrada.\n25/03: Misa por los nuevos hermanos y por la fe que nos compromete a seguir con Cristo. Protestación de fe e imposición de medallas a los nuevos hermanos.  Nombramiento de consejeros de nuestra Hermandad.\n26/03: Misa por todos los que sufren, por los enfermos y necesitados. Misa a las 19:30h y SANTO VIACRUCIS con nuestro Sagrado Titular al finalizar.\n27/03: Tradicional pedida de tasas. A las 20:30h acompañamiento d Viernes de Dolores que partirá de la Casa-Hermandad (Avda. Constitución, 55).  A las 21:00h se CELEBBRARÁ LA EUCARISTÍA Y SERMÓN DE DOLORES. Al finalizar, se venerará al SANTÍSIMO CRISTO DE LA VERA+CRUZ y se realizará el SOLEMNE TRASLADO DE LOS TITULARES.','2026-02-26 12:55:30','2026-02-26 12:55:30'),(234,'Solemne Septenario en honor y gloria a nuestros Sagrados Titulares',49,'2026-03-22 12:00:00','Iglesia Santa María del Reposo','19:30h - Rezo del Rosario\n20:00h - Sagrada Eucaristía a cargo de nuestro Director Espiritural D. Petre Chelaru\n\n21/03: Misa por la juventud y la infancia.\n22/03: Misa por la paz en el mundo y cese de conflictos. Al finalizar, se venerará al Santo Lignum Crucis en la Iglesia de la Santa Vera+Cruz.\n23/03: Misa por todos los difuntos de nuestra Hermandad.\n24/03: Misa por la Iglesia, las vocaciones y la vida consagrada.\n25/03: Misa por los nuevos hermanos y por la fe que nos compromete a seguir con Cristo. Protestación de fe e imposición de medallas a los nuevos hermanos.  Nombramiento de consejeros de nuestra Hermandad.\n26/03: Misa por todos los que sufren, por los enfermos y necesitados. Misa a las 19:30h y SANTO VIACRUCIS con nuestro Sagrado Titular al finalizar.\n27/03: Tradicional pedida de tasas. A las 20:30h acompañamiento d Viernes de Dolores que partirá de la Casa-Hermandad (Avda. Constitución, 55).  A las 21:00h se CELEBBRARÁ LA EUCARISTÍA Y SERMÓN DE DOLORES. Al finalizar, se venerará al SANTÍSIMO CRISTO DE LA VERA+CRUZ y se realizará el SOLEMNE TRASLADO DE LOS TITULARES.','2026-02-26 12:55:30','2026-02-26 12:55:30'),(235,'Solemne Septenario en honor y gloria a nuestros Sagrados Titulares',49,'2026-03-27 12:00:00','Iglesia Santa María del Reposo','19:30h - Rezo del Rosario\n20:00h - Sagrada Eucaristía a cargo de nuestro Director Espiritural D. Petre Chelaru\n\n21/03: Misa por la juventud y la infancia.\n22/03: Misa por la paz en el mundo y cese de conflictos. Al finalizar, se venerará al Santo Lignum Crucis en la Iglesia de la Santa Vera+Cruz.\n23/03: Misa por todos los difuntos de nuestra Hermandad.\n24/03: Misa por la Iglesia, las vocaciones y la vida consagrada.\n25/03: Misa por los nuevos hermanos y por la fe que nos compromete a seguir con Cristo. Protestación de fe e imposición de medallas a los nuevos hermanos.  Nombramiento de consejeros de nuestra Hermandad.\n26/03: Misa por todos los que sufren, por los enfermos y necesitados. Misa a las 19:30h y SANTO VIACRUCIS con nuestro Sagrado Titular al finalizar.\n27/03: Tradicional pedida de tasas. A las 20:30h acompañamiento d Viernes de Dolores que partirá de la Casa-Hermandad (Avda. Constitución, 55).  A las 21:00h se CELEBBRARÁ LA EUCARISTÍA Y SERMÓN DE DOLORES. Al finalizar, se venerará al SANTÍSIMO CRISTO DE LA VERA+CRUZ y se realizará el SOLEMNE TRASLADO DE LOS TITULARES.','2026-02-26 12:55:30','2026-02-26 12:55:30'),(248,'Reparto túnicas y papeletas de sitio - NO HERMANOS',50,'2026-03-17 18:30:00','Casa de Hermandad','Reparto de túnicas y papeletas de sitio en horario de 18:30 a 20:30.','2026-02-27 13:19:07','2026-02-27 13:19:07'),(249,'Reparto túnicas y papeletas de sitio - NO HERMANOS',50,'2026-03-19 18:30:00','Casa de Hermandad','Reparto de túnicas y papeletas de sitio en horario de 18:30 a 20:30.','2026-02-27 13:19:07','2026-02-27 13:19:07'),(250,'Reparto túnicas y papeletas de sitio - NO HERMANOS',50,'2026-03-18 18:30:00','Casa de Hermandad','Reparto de túnicas y papeletas de sitio en horario de 18:30 a 20:30.','2026-02-27 13:19:07','2026-02-27 13:19:07'),(251,'Reparto túnicas y papeletas de sitio - NO HERMANOS',50,'2026-03-25 18:30:00','Casa de Hermandad','Reparto de túnicas y papeletas de sitio en horario de 18:30 a 20:30.','2026-02-27 13:19:31','2026-02-27 13:19:31'),(252,'Reparto túnicas y papeletas de sitio - NO HERMANOS',50,'2026-03-24 18:30:00','Casa de Hermandad','Reparto de túnicas y papeletas de sitio en horario de 18:30 a 20:30.','2026-02-27 13:19:31','2026-02-27 13:19:31'),(253,'Reparto túnicas y papeletas de sitio - NO HERMANOS',50,'2026-03-26 18:30:00','Casa de Hermandad','Reparto de túnicas y papeletas de sitio en horario de 18:30 a 20:30.','2026-02-27 13:19:31','2026-02-27 13:19:31'),(254,'Cabildo General Ordinario',50,'2026-03-16 20:30:00','Iglesia de San Francisco','Cabildo General de hermanos. Para ver el Orden del día -> @hdad_laspenasceuta (instagram)','2026-02-27 13:20:49','2026-02-27 13:20:49'),(255,'Via+Crucis y traslado',50,'2026-03-19 21:00:00','Iglesia de San Francisco','Via+Crucis y posteriormente traslado de Nuestros Sagrados Titulares a la Casa de Hermandad','2026-02-27 13:21:50','2026-02-27 13:21:50'),(256,'Entronización del Señor',45,'2026-03-20 22:00:00','Ermita de San Benito','Entronización del Señor','2026-03-01 16:37:44','2026-03-01 16:37:44'),(257,'Cabildo general de salida',45,'2026-03-20 20:00:00','Casa dee Hermandad','Cabildo general de salida','2026-03-01 16:38:31','2026-03-01 16:38:31'),(259,'Reparto Papeles Sitio',43,'2026-03-17 19:00:00','Casa Hermandad','Reparto para Acólitos, Monaguillos, Enseres, Insignias y Nazarenos de fila','2026-03-04 10:41:14','2026-03-04 10:41:14'),(260,'Reparto Papeles Sitio',43,'2026-03-18 19:00:00','Casa Hermandad','Reparto para Acólitos, Monaguillos, Enseres, Insignias y Nazarenos de fila','2026-03-04 10:41:14','2026-03-04 10:41:14'),(261,'Reparto Papeles Sitio',43,'2026-03-20 19:00:00','Casa Hermandad','Reparto para Acólitos, Monaguillos, Enseres, Insignias y Nazarenos de fila','2026-03-04 10:41:14','2026-03-04 10:41:14'),(262,'Reparto Papeles Sitio',43,'2026-03-16 19:00:00','Casa Hermandad','Reparto para Acólitos, Monaguillos, Enseres, Insignias y Nazarenos de fila','2026-03-04 10:41:14','2026-03-04 10:41:14'),(263,'Reparto Papeles Sitio',43,'2026-03-19 19:00:00','Casa Hermandad','Reparto para Acólitos, Monaguillos, Enseres, Insignias y Nazarenos de fila','2026-03-04 10:41:14','2026-03-04 10:41:14'),(264,'Reparto Papeletas de Sitio',43,'2026-03-23 19:00:00','Casa Hermandad','Reparto para  exclusivo para Nazarenos de Fila, de 19.00h. a 21.00h.\nEl viernes 27, reparto para Costaleros','2026-03-04 10:42:24','2026-03-04 10:42:24'),(265,'Reparto Papeletas de Sitio',43,'2026-03-24 19:00:00','Casa Hermandad','Reparto para  exclusivo para Nazarenos de Fila, de 19.00h. a 21.00h.\nEl viernes 27, reparto para Costaleros','2026-03-04 10:42:24','2026-03-04 10:42:24'),(266,'Reparto Papeletas de Sitio',43,'2026-03-26 19:00:00','Casa Hermandad','Reparto para  exclusivo para Nazarenos de Fila, de 19.00h. a 21.00h.\nEl viernes 27, reparto para Costaleros','2026-03-04 10:42:24','2026-03-04 10:42:24'),(267,'Reparto Papeletas de Sitio',43,'2026-03-25 19:00:00','Casa Hermandad','Reparto para  exclusivo para Nazarenos de Fila, de 19.00h. a 21.00h.\nEl viernes 27, reparto para Costaleros','2026-03-04 10:42:24','2026-03-04 10:42:24'),(268,'Reparto Papeletas de Sitio',43,'2026-03-27 19:00:00','Casa Hermandad','Reparto para  exclusivo para Nazarenos de Fila, de 19.00h. a 21.00h.\nEl viernes 27, reparto para Costaleros','2026-03-04 10:42:24','2026-03-04 10:42:24'),(278,'Noche de carnaval',54,'2026-07-04 20:00:00','Teatro del colegio La Salle','Actuaciones de dos grupos de chirigotas, Los Compay y Los Antiguos, en beneficio de la Hermandad','2026-03-05 11:17:12','2026-03-05 11:17:12');

--
-- Table structure for table `failed_jobs`
--

CREATE TABLE `failed_jobs` (
  `id` bigint unsigned NOT NULL AUTO_INCREMENT,
  `uuid` varchar(255) COLLATE utf8mb4_unicode_ci NOT NULL,
  `connection` text COLLATE utf8mb4_unicode_ci NOT NULL,
  `queue` text COLLATE utf8mb4_unicode_ci NOT NULL,
  `payload` longtext COLLATE utf8mb4_unicode_ci NOT NULL,
  `exception` longtext COLLATE utf8mb4_unicode_ci NOT NULL,
  `failed_at` timestamp NOT NULL DEFAULT CURRENT_TIMESTAMP,
  PRIMARY KEY (`id`),
  UNIQUE KEY `failed_jobs_uuid_unique` (`uuid`)
) ENGINE=InnoDB DEFAULT CHARSET=utf8mb4 COLLATE=utf8mb4_unicode_ci;

--
-- Dumping data for table `failed_jobs`
--


--
-- Table structure for table `favoritos`
--

CREATE TABLE `favoritos` (
  `id` bigint unsigned NOT NULL AUTO_INCREMENT,
  `id_usuario` int NOT NULL,
  `id_evento` int NOT NULL,
  `created_at` timestamp NULL DEFAULT NULL,
  `updated_at` timestamp NULL DEFAULT NULL,
  PRIMARY KEY (`id`)
) ENGINE=InnoDB AUTO_INCREMENT=27 DEFAULT CHARSET=utf8mb4 COLLATE=utf8mb4_unicode_ci;

--
-- Dumping data for table `favoritos`
--

INSERT INTO `favoritos` VALUES (1,16,3,'2025-10-16 08:59:18','2025-10-16 08:59:18'),(5,13,55,'2025-12-20 14:25:11','2025-12-20 14:25:11'),(8,15,40,'2026-02-22 19:17:32','2026-02-22 19:17:32'),(9,36,184,'2026-02-25 19:17:47','2026-02-25 19:17:47'),(10,36,193,'2026-02-25 19:21:13','2026-02-25 19:21:13'),(11,39,182,'2026-02-26 13:11:58','2026-02-26 13:11:58'),(12,39,181,'2026-02-26 13:16:28','2026-02-26 13:16:28'),(13,36,182,'2026-02-26 15:20:35','2026-02-26 15:20:35'),(14,42,181,'2026-02-26 22:06:35','2026-02-26 22:06:35'),(15,36,228,'2026-02-28 16:10:08','2026-02-28 16:10:08'),(16,36,186,'2026-02-28 22:47:41','2026-02-28 22:47:41'),(20,39,186,'2026-03-04 11:57:29','2026-03-04 11:57:29'),(21,39,187,'2026-03-09 21:26:23','2026-03-09 21:26:23'),(22,39,184,'2026-03-09 21:28:27','2026-03-09 21:28:27'),(23,39,189,'2026-03-09 21:30:22','2026-03-09 21:30:22');

--
-- Table structure for table `migrations`
--

CREATE TABLE `migrations` (
  `id` int unsigned NOT NULL AUTO_INCREMENT,
  `migration` varchar(255) COLLATE utf8mb4_unicode_ci NOT NULL,
  `batch` int NOT NULL,
  PRIMARY KEY (`id`)
) ENGINE=InnoDB AUTO_INCREMENT=9 DEFAULT CHARSET=utf8mb4 COLLATE=utf8mb4_unicode_ci;

--
-- Dumping data for table `migrations`
--

INSERT INTO `migrations` VALUES (1,'2014_10_12_000000_create_users_table',1),(2,'2014_10_12_100000_create_password_resets_table',1),(3,'2019_08_19_000000_create_failed_jobs_table',1),(4,'2019_12_14_000001_create_personal_access_tokens_table',1),(5,'2025_04_05_182930_create_cofradias_table',1),(6,'2025_04_05_183425_create_eventos_table',1),(7,'2025_04_05_183559_create_favoritos_table',1),(8,'2025_04_05_183714_create_articulos_table',1);


